[INFO] cloning repository https://github.com/torkve/pldict-rust
[INFO] running `Command { std: "git" "-c" "credential.helper=" "-c" "credential.helper=/workspace/cargo-home/bin/git-credential-null" "clone" "--bare" "https://github.com/torkve/pldict-rust" "/workspace/cache/git-repos/https%3A%2F%2Fgithub.com%2Ftorkve%2Fpldict-rust", kill_on_drop: false }`
[INFO] [stderr] Cloning into bare repository '/workspace/cache/git-repos/https%3A%2F%2Fgithub.com%2Ftorkve%2Fpldict-rust'...
[INFO] running `Command { std: "git" "rev-parse" "HEAD", kill_on_drop: false }`
[INFO] [stdout] bf3d917b73e56f423bc472fdbe873d8891e48ed0
[INFO] checking torkve/pldict-rust against try#72f88fc4e9458f89516a0b8b0868f3718aec5b47 for pr-74989
[INFO] running `Command { std: "git" "clone" "/workspace/cache/git-repos/https%3A%2F%2Fgithub.com%2Ftorkve%2Fpldict-rust" "/workspace/builds/worker-4/source", kill_on_drop: false }`
[INFO] [stderr] Cloning into '/workspace/builds/worker-4/source'...
[INFO] [stderr] done.
[INFO] validating manifest of git repo https://github.com/torkve/pldict-rust on toolchain 72f88fc4e9458f89516a0b8b0868f3718aec5b47
[INFO] running `Command { std: "/workspace/cargo-home/bin/cargo" "+72f88fc4e9458f89516a0b8b0868f3718aec5b47" "read-manifest" "--manifest-path" "Cargo.toml", kill_on_drop: false }`
[INFO] started tweaking git repo https://github.com/torkve/pldict-rust
[INFO] finished tweaking git repo https://github.com/torkve/pldict-rust
[INFO] tweaked toml for git repo https://github.com/torkve/pldict-rust written to /workspace/builds/worker-4/source/Cargo.toml
[INFO] crate git repo https://github.com/torkve/pldict-rust already has a lockfile, it will not be regenerated
[INFO] running `Command { std: "/workspace/cargo-home/bin/cargo" "+72f88fc4e9458f89516a0b8b0868f3718aec5b47" "fetch" "--locked" "--manifest-path" "Cargo.toml", kill_on_drop: false }`
[INFO] [stderr]     Updating git repository `https://github.com/torkve/xdxf-rust/`
[INFO] [stderr] error: the lock file /workspace/builds/worker-4/source/Cargo.lock needs to be updated but --locked was passed to prevent this
[INFO] [stderr] If you want to try to generate the lock file without accessing the network, use the --offline flag.
[INFO] the lockfile is outdated, regenerating it
[INFO] running `Command { std: "/workspace/cargo-home/bin/cargo" "+72f88fc4e9458f89516a0b8b0868f3718aec5b47" "generate-lockfile" "--manifest-path" "Cargo.toml" "-Zno-index-update", kill_on_drop: false }`
[INFO] [stderr]     Updating git repository `https://github.com/torkve/xdxf-rust/`
[INFO] running `Command { std: "/workspace/cargo-home/bin/cargo" "+72f88fc4e9458f89516a0b8b0868f3718aec5b47" "fetch" "--locked" "--manifest-path" "Cargo.toml", kill_on_drop: false }`
[INFO] [stderr]     Blocking waiting for file lock on package cache
[INFO] [stderr]  Downloading crates ...
[INFO] [stderr] warning: parsed version requirement `0.2*` is no longer valid
[INFO] [stderr] 
[INFO] [stderr] Previous versions of Cargo accepted this malformed requirement,
[INFO] [stderr] but it is being deprecated. This was found when parsing the manifest
[INFO] [stderr] of iron 0.2.6, and the correct version requirement is `0.2.*`.
[INFO] [stderr] 
[INFO] [stderr] This will soon become a hard error, so it's either recommended to
[INFO] [stderr] update to a fixed version or contact the upstream maintainer about
[INFO] [stderr] this warning.
[INFO] [stderr] 
[INFO] [stderr]   Downloaded nibble_vec v0.1.0
[INFO] [stderr]   Downloaded radix_trie v0.0.8
[INFO] [stderr]   Downloaded regex_macros v0.1.38
[INFO] [stderr]   Downloaded peresil v0.2.1
[INFO] [stderr]   Downloaded sxd-document v0.1.2
[INFO] running `Command { std: "docker" "create" "-v" "/var/lib/crater-agent-workspace/builds/worker-4/target:/opt/rustwide/target:rw,Z" "-v" "/var/lib/crater-agent-workspace/builds/worker-4/source:/opt/rustwide/workdir:ro,Z" "-v" "/var/lib/crater-agent-workspace/cargo-home:/opt/rustwide/cargo-home:ro,Z" "-v" "/var/lib/crater-agent-workspace/rustup-home:/opt/rustwide/rustup-home:ro,Z" "-e" "SOURCE_DIR=/opt/rustwide/workdir" "-e" "CARGO_TARGET_DIR=/opt/rustwide/target" "-e" "CARGO_HOME=/opt/rustwide/cargo-home" "-e" "RUSTUP_HOME=/opt/rustwide/rustup-home" "-w" "/opt/rustwide/workdir" "-m" "1610612736" "--user" "0:0" "--network" "none" "rustops/crates-build-env@sha256:d92eaeed33fa75130ca1ee6c8a01d1ffb62bac859dfdfb3450e3e5d1c0146529" "/opt/rustwide/cargo-home/bin/cargo" "+72f88fc4e9458f89516a0b8b0868f3718aec5b47" "metadata" "--no-deps" "--format-version=1", kill_on_drop: false }`
[INFO] [stdout] a32ee3602cad1355f0251680e08ab8f967722ee820dbeb7ad962798a17c147f1
[INFO] [stderr] WARNING: Your kernel does not support swap limit capabilities or the cgroup is not mounted. Memory limited without swap.
[INFO] running `Command { std: "docker" "start" "-a" "a32ee3602cad1355f0251680e08ab8f967722ee820dbeb7ad962798a17c147f1", kill_on_drop: false }`
[INFO] running `Command { std: "docker" "inspect" "a32ee3602cad1355f0251680e08ab8f967722ee820dbeb7ad962798a17c147f1", kill_on_drop: false }`
[INFO] running `Command { std: "docker" "rm" "-f" "a32ee3602cad1355f0251680e08ab8f967722ee820dbeb7ad962798a17c147f1", kill_on_drop: false }`
[INFO] [stdout] a32ee3602cad1355f0251680e08ab8f967722ee820dbeb7ad962798a17c147f1
[INFO] running `Command { std: "docker" "create" "-v" "/var/lib/crater-agent-workspace/builds/worker-4/target:/opt/rustwide/target:rw,Z" "-v" "/var/lib/crater-agent-workspace/builds/worker-4/source:/opt/rustwide/workdir:ro,Z" "-v" "/var/lib/crater-agent-workspace/cargo-home:/opt/rustwide/cargo-home:ro,Z" "-v" "/var/lib/crater-agent-workspace/rustup-home:/opt/rustwide/rustup-home:ro,Z" "-e" "SOURCE_DIR=/opt/rustwide/workdir" "-e" "CARGO_TARGET_DIR=/opt/rustwide/target" "-e" "CARGO_INCREMENTAL=0" "-e" "RUST_BACKTRACE=full" "-e" "RUSTFLAGS=--cap-lints=forbid" "-e" "CARGO_HOME=/opt/rustwide/cargo-home" "-e" "RUSTUP_HOME=/opt/rustwide/rustup-home" "-w" "/opt/rustwide/workdir" "-m" "1610612736" "--user" "0:0" "--network" "none" "rustops/crates-build-env@sha256:d92eaeed33fa75130ca1ee6c8a01d1ffb62bac859dfdfb3450e3e5d1c0146529" "/opt/rustwide/cargo-home/bin/cargo" "+72f88fc4e9458f89516a0b8b0868f3718aec5b47" "check" "--frozen" "--all" "--all-targets" "--message-format=json", kill_on_drop: false }`
[INFO] [stdout] a45185498ed9f3380528df6ec4ec8972280bede629eebe4a6bd03445e4d99540
[INFO] [stderr] WARNING: Your kernel does not support swap limit capabilities or the cgroup is not mounted. Memory limited without swap.
[INFO] running `Command { std: "docker" "start" "-a" "a45185498ed9f3380528df6ec4ec8972280bede629eebe4a6bd03445e4d99540", kill_on_drop: false }`
[INFO] [stderr] warning: parsed version requirement `0.2*` is no longer valid
[INFO] [stderr] 
[INFO] [stderr] Previous versions of Cargo accepted this malformed requirement,
[INFO] [stderr] but it is being deprecated. This was found when parsing the manifest
[INFO] [stderr] of iron 0.2.6, and the correct version requirement is `0.2.*`.
[INFO] [stderr] 
[INFO] [stderr] This will soon become a hard error, so it's either recommended to
[INFO] [stderr] update to a fixed version or contact the upstream maintainer about
[INFO] [stderr] this warning.
[INFO] [stderr] 
[INFO] [stderr]    Compiling libc v0.2.77
[INFO] [stderr]    Compiling autocfg v1.0.1
[INFO] [stderr]    Compiling winapi-build v0.1.1
[INFO] [stderr]    Compiling pkg-config v0.3.18
[INFO] [stderr]    Compiling gcc v0.3.55
[INFO] [stderr]    Compiling log v0.4.11
[INFO] [stderr]     Checking cfg-if v0.1.10
[INFO] [stderr]     Checking tinyvec v0.3.4
[INFO] [stderr]     Checking winapi v0.2.8
[INFO] [stderr]    Compiling regex-syntax v0.3.9
[INFO] [stderr]    Compiling utf8-ranges v0.1.3
[INFO] [stderr]     Checking smallvec v1.4.2
[INFO] [stderr]     Checking peresil v0.2.1
[INFO] [stderr]     Checking typed-arena v1.7.0
[INFO] [stderr]     Checking route-recognizer v0.1.13
[INFO] [stderr]     Checking unicode-bidi v0.2.6
[INFO] [stderr]     Checking conduit-mime-types v0.7.3
[INFO] [stderr]     Checking error v0.1.9
[INFO] [stderr]     Checking plugin v0.2.6
[INFO] [stderr]     Checking sxd-document v0.1.2
[INFO] [stderr]     Checking nibble_vec v0.1.0
[INFO] [stderr]     Checking unicode-normalization v0.1.13
[INFO] [stderr]    Compiling kernel32-sys v0.2.2
[INFO] [stderr]     Checking radix_trie v0.0.8
[INFO] [stderr]    Compiling num-traits v0.2.12
[INFO] [stderr]    Compiling num-integer v0.1.43
[INFO] [stderr]    Compiling num-iter v0.1.41
[INFO] [stdout] error[E0107]: wrong number of type arguments: expected 1, found 0
[INFO] [stdout]   --> /opt/rustwide/cargo-home/registry/src/github.com-1ecc6299db9ec823/radix_trie-0.0.8/src/lib.rs:49:10
[INFO] [stdout]    |
[INFO] [stdout] 49 |     key: NibbleVec,
[INFO] [stdout]    |          ^^^^^^^^^ expected 1 type argument
[INFO] [stdout] 
[INFO] [stdout] 
[INFO] [stdout] error[E0107]: wrong number of type arguments: expected 1, found 0
[INFO] [stdout]    --> /opt/rustwide/cargo-home/registry/src/github.com-1ecc6299db9ec823/radix_trie-0.0.8/src/lib.rs:314:69
[INFO] [stdout]     |
[INFO] [stdout] 314 |     fn no_child_fn(trie: &mut Trie<K, V>, (key, value): (K, V), nv: NibbleVec, bucket: usize)
[INFO] [stdout]     |                                                                     ^^^^^^^^^ expected 1 type argument
[INFO] [stdout] 
[INFO] [stdout] 
[INFO] [stdout] error[E0107]: wrong number of type arguments: expected 1, found 0
[INFO] [stdout]    --> /opt/rustwide/cargo-home/registry/src/github.com-1ecc6299db9ec823/radix_trie-0.0.8/src/lib.rs:326:28
[INFO] [stdout]     |
[INFO] [stdout] 326 |         mut key_fragments: NibbleVec,
[INFO] [stdout]     |                            ^^^^^^^^^ expected 1 type argument
[INFO] [stdout] 
[INFO] [stdout] 
[INFO] [stdout] error[E0107]: wrong number of type arguments: expected 1, found 0
[INFO] [stdout]    --> /opt/rustwide/cargo-home/registry/src/github.com-1ecc6299db9ec823/radix_trie-0.0.8/src/lib.rs:347:85
[INFO] [stdout]     |
[INFO] [stdout] 347 |     fn first_prefix_fn(child: &mut Trie<K, V>, (key, value): (K, V), key_fragments: NibbleVec)
[INFO] [stdout]     |                                                                                     ^^^^^^^^^ expected 1 type argument
[INFO] [stdout] 
[INFO] [stdout] 
[INFO] [stdout] error[E0107]: wrong number of type arguments: expected 1, found 0
[INFO] [stdout]    --> /opt/rustwide/cargo-home/registry/src/github.com-1ecc6299db9ec823/radix_trie-0.0.8/src/lib.rs:389:56
[INFO] [stdout]     |
[INFO] [stdout] 389 |     fn first_prefix_fn(trie: &'a Trie<K, V>, _: (), _: NibbleVec) -> Self::Output {
[INFO] [stdout]     |                                                        ^^^^^^^^^ expected 1 type argument
[INFO] [stdout] 
[INFO] [stdout] 
[INFO] [stdout] error[E0107]: wrong number of type arguments: expected 1, found 0
[INFO] [stdout]    --> /opt/rustwide/cargo-home/registry/src/github.com-1ecc6299db9ec823/radix_trie-0.0.8/src/lib.rs:397:38
[INFO] [stdout]     |
[INFO] [stdout] 397 |     fn with_key_value(key_fragments: NibbleVec, key: K, value: V) -> Trie<K, V> {
[INFO] [stdout]     |                                      ^^^^^^^^^ expected 1 type argument
[INFO] [stdout] 
[INFO] [stdout] 
[INFO] [stdout] error[E0107]: wrong number of type arguments: expected 1, found 0
[INFO] [stdout]    --> /opt/rustwide/cargo-home/registry/src/github.com-1ecc6299db9ec823/radix_trie-0.0.8/src/lib.rs:546:50
[INFO] [stdout]     |
[INFO] [stdout] 546 |     fn check_integrity_recursive(&self, prefix: &NibbleVec) -> (bool, usize) {
[INFO] [stdout]     |                                                  ^^^^^^^^^ expected 1 type argument
[INFO] [stdout] 
[INFO] [stdout] 
[INFO] [stdout] error[E0107]: wrong number of type arguments: expected 1, found 0
[INFO] [stdout]   --> /opt/rustwide/cargo-home/registry/src/github.com-1ecc6299db9ec823/radix_trie-0.0.8/src/keys.rs:30:27
[INFO] [stdout]    |
[INFO] [stdout] 30 | pub fn match_keys(first: &NibbleVec, second: &NibbleVec) -> KeyMatch {
[INFO] [stdout]    |                           ^^^^^^^^^ expected 1 type argument
[INFO] [stdout] 
[INFO] [stdout] 
[INFO] [stdout] error[E0107]: wrong number of type arguments: expected 1, found 0
[INFO] [stdout]   --> /opt/rustwide/cargo-home/registry/src/github.com-1ecc6299db9ec823/radix_trie-0.0.8/src/keys.rs:30:47
[INFO] [stdout]    |
[INFO] [stdout] 30 | pub fn match_keys(first: &NibbleVec, second: &NibbleVec) -> KeyMatch {
[INFO] [stdout]    |                                               ^^^^^^^^^ expected 1 type argument
[INFO] [stdout] 
[INFO] [stdout] 
[INFO] [stdout] error[E0107]: wrong number of type arguments: expected 1, found 0
[INFO] [stdout]    --> /opt/rustwide/cargo-home/registry/src/github.com-1ecc6299db9ec823/radix_trie-0.0.8/src/traversal.rs:56:13
[INFO] [stdout]     |
[INFO] [stdout] 56  |         nv: NibbleVec, bucket: usize
[INFO] [stdout]     |             ^^^^^^^^^ expected 1 type argument
[INFO] [stdout] ...
[INFO] [stdout] 117 | make_traversal_trait!(name: Traversal, trie_type: &Trie<K, V>, with_action: true, mutability: );
[INFO] [stdout]     | ------------------------------------------------------------------------------------------------ in this macro invocation
[INFO] [stdout]     |
[INFO] [stdout]     = note: this error originates in a macro (in Nightly builds, run with -Z macro-backtrace for more info)
[INFO] [stdout] 
[INFO] [stdout] 
[INFO] [stdout] error[E0107]: wrong number of type arguments: expected 1, found 0
[INFO] [stdout]    --> /opt/rustwide/cargo-home/registry/src/github.com-1ecc6299db9ec823/radix_trie-0.0.8/src/traversal.rs:63:66
[INFO] [stdout]     |
[INFO] [stdout] 63  |     fn child_match_fn(child: $trie_type, input: Self::Input, nv: NibbleVec) -> Self::Output {
[INFO] [stdout]     |                                                                  ^^^^^^^^^ expected 1 type argument
[INFO] [stdout] ...
[INFO] [stdout] 117 | make_traversal_trait!(name: Traversal, trie_type: &Trie<K, V>, with_action: true, mutability: );
[INFO] [stdout]     | ------------------------------------------------------------------------------------------------ in this macro invocation
[INFO] [stdout]     |
[INFO] [stdout]     = note: this error originates in a macro (in Nightly builds, run with -Z macro-backtrace for more info)
[INFO] [stdout] 
[INFO] [stdout] 
[INFO] [stdout] error[E0107]: wrong number of type arguments: expected 1, found 0
[INFO] [stdout]    --> /opt/rustwide/cargo-home/registry/src/github.com-1ecc6299db9ec823/radix_trie-0.0.8/src/traversal.rs:68:68
[INFO] [stdout]     |
[INFO] [stdout] 68  |     fn partial_match_fn(child: $trie_type, input: Self::Input, nv: NibbleVec, idx: usize)
[INFO] [stdout]     |                                                                    ^^^^^^^^^ expected 1 type argument
[INFO] [stdout] ...
[INFO] [stdout] 117 | make_traversal_trait!(name: Traversal, trie_type: &Trie<K, V>, with_action: true, mutability: );
[INFO] [stdout]     | ------------------------------------------------------------------------------------------------ in this macro invocation
[INFO] [stdout]     |
[INFO] [stdout]     = note: this error originates in a macro (in Nightly builds, run with -Z macro-backtrace for more info)
[INFO] [stdout] 
[INFO] [stdout] 
[INFO] [stdout] error[E0107]: wrong number of type arguments: expected 1, found 0
[INFO] [stdout]    --> /opt/rustwide/cargo-home/registry/src/github.com-1ecc6299db9ec823/radix_trie-0.0.8/src/traversal.rs:74:66
[INFO] [stdout]     |
[INFO] [stdout] 74  |     fn first_prefix_fn(trie: $trie_type, input: Self::Input, nv: NibbleVec) -> Self::Output {
[INFO] [stdout]     |                                                                  ^^^^^^^^^ expected 1 type argument
[INFO] [stdout] ...
[INFO] [stdout] 117 | make_traversal_trait!(name: Traversal, trie_type: &Trie<K, V>, with_action: true, mutability: );
[INFO] [stdout]     | ------------------------------------------------------------------------------------------------ in this macro invocation
[INFO] [stdout]     |
[INFO] [stdout]     = note: this error originates in a macro (in Nightly builds, run with -Z macro-backtrace for more info)
[INFO] [stdout] 
[INFO] [stdout] 
[INFO] [stdout] error[E0107]: wrong number of type arguments: expected 1, found 0
[INFO] [stdout]    --> /opt/rustwide/cargo-home/registry/src/github.com-1ecc6299db9ec823/radix_trie-0.0.8/src/traversal.rs:86:69
[INFO] [stdout]     |
[INFO] [stdout] 86  |     fn run(trie: $trie_type, input: Self::Input, mut key_fragments: NibbleVec) -> Self::Output {
[INFO] [stdout]     |                                                                     ^^^^^^^^^ expected 1 type argument
[INFO] [stdout] ...
[INFO] [stdout] 117 | make_traversal_trait!(name: Traversal, trie_type: &Trie<K, V>, with_action: true, mutability: );
[INFO] [stdout]     | ------------------------------------------------------------------------------------------------ in this macro invocation
[INFO] [stdout]     |
[INFO] [stdout]     = note: this error originates in a macro (in Nightly builds, run with -Z macro-backtrace for more info)
[INFO] [stdout] 
[INFO] [stdout] 
[INFO] [stdout] error[E0107]: wrong number of type arguments: expected 1, found 0
[INFO] [stdout]    --> /opt/rustwide/cargo-home/registry/src/github.com-1ecc6299db9ec823/radix_trie-0.0.8/src/traversal.rs:56:13
[INFO] [stdout]     |
[INFO] [stdout] 56  |         nv: NibbleVec, bucket: usize
[INFO] [stdout]     |             ^^^^^^^^^ expected 1 type argument
[INFO] [stdout] ...
[INFO] [stdout] 118 | make_traversal_trait!(name: RefTraversal, trie_type: &'a Trie<K, V>, with_action: true, mutability: );
[INFO] [stdout]     | ------------------------------------------------------------------------------------------------------ in this macro invocation
[INFO] [stdout]     |
[INFO] [stdout]     = note: this error originates in a macro (in Nightly builds, run with -Z macro-backtrace for more info)
[INFO] [stdout] 
[INFO] [stdout] 
[INFO] [stdout] error[E0107]: wrong number of type arguments: expected 1, found 0
[INFO] [stdout]    --> /opt/rustwide/cargo-home/registry/src/github.com-1ecc6299db9ec823/radix_trie-0.0.8/src/traversal.rs:63:66
[INFO] [stdout]     |
[INFO] [stdout] 63  |     fn child_match_fn(child: $trie_type, input: Self::Input, nv: NibbleVec) -> Self::Output {
[INFO] [stdout]     |                                                                  ^^^^^^^^^ expected 1 type argument
[INFO] [stdout] ...
[INFO] [stdout] 118 | make_traversal_trait!(name: RefTraversal, trie_type: &'a Trie<K, V>, with_action: true, mutability: );
[INFO] [stdout]     | ------------------------------------------------------------------------------------------------------ in this macro invocation
[INFO] [stdout]     |
[INFO] [stdout]     = note: this error originates in a macro (in Nightly builds, run with -Z macro-backtrace for more info)
[INFO] [stdout] 
[INFO] [stdout] 
[INFO] [stdout] error[E0107]: wrong number of type arguments: expected 1, found 0
[INFO] [stdout]    --> /opt/rustwide/cargo-home/registry/src/github.com-1ecc6299db9ec823/radix_trie-0.0.8/src/traversal.rs:68:68
[INFO] [stdout]     |
[INFO] [stdout] 68  |     fn partial_match_fn(child: $trie_type, input: Self::Input, nv: NibbleVec, idx: usize)
[INFO] [stdout]     |                                                                    ^^^^^^^^^ expected 1 type argument
[INFO] [stdout] ...
[INFO] [stdout] 118 | make_traversal_trait!(name: RefTraversal, trie_type: &'a Trie<K, V>, with_action: true, mutability: );
[INFO] [stdout]     | ------------------------------------------------------------------------------------------------------ in this macro invocation
[INFO] [stdout]     |
[INFO] [stdout]     = note: this error originates in a macro (in Nightly builds, run with -Z macro-backtrace for more info)
[INFO] [stdout] 
[INFO] [stdout] 
[INFO] [stdout] error[E0107]: wrong number of type arguments: expected 1, found 0
[INFO] [stdout]    --> /opt/rustwide/cargo-home/registry/src/github.com-1ecc6299db9ec823/radix_trie-0.0.8/src/traversal.rs:74:66
[INFO] [stdout]     |
[INFO] [stdout] 74  |     fn first_prefix_fn(trie: $trie_type, input: Self::Input, nv: NibbleVec) -> Self::Output {
[INFO] [stdout]     |                                                                  ^^^^^^^^^ expected 1 type argument
[INFO] [stdout] ...
[INFO] [stdout] 118 | make_traversal_trait!(name: RefTraversal, trie_type: &'a Trie<K, V>, with_action: true, mutability: );
[INFO] [stdout]     | ------------------------------------------------------------------------------------------------------ in this macro invocation
[INFO] [stdout]     |
[INFO] [stdout]     = note: this error originates in a macro (in Nightly builds, run with -Z macro-backtrace for more info)
[INFO] [stdout] 
[INFO] [stdout] 
[INFO] [stdout] error[E0107]: wrong number of type arguments: expected 1, found 0
[INFO] [stdout]    --> /opt/rustwide/cargo-home/registry/src/github.com-1ecc6299db9ec823/radix_trie-0.0.8/src/traversal.rs:86:69
[INFO] [stdout]     |
[INFO] [stdout] 86  |     fn run(trie: $trie_type, input: Self::Input, mut key_fragments: NibbleVec) -> Self::Output {
[INFO] [stdout]     |                                                                     ^^^^^^^^^ expected 1 type argument
[INFO] [stdout] ...
[INFO] [stdout] 118 | make_traversal_trait!(name: RefTraversal, trie_type: &'a Trie<K, V>, with_action: true, mutability: );
[INFO] [stdout]     | ------------------------------------------------------------------------------------------------------ in this macro invocation
[INFO] [stdout]     |
[INFO] [stdout]     = note: this error originates in a macro (in Nightly builds, run with -Z macro-backtrace for more info)
[INFO] [stdout] 
[INFO] [stdout] 
[INFO] [stdout] error[E0107]: wrong number of type arguments: expected 1, found 0
[INFO] [stdout]    --> /opt/rustwide/cargo-home/registry/src/github.com-1ecc6299db9ec823/radix_trie-0.0.8/src/traversal.rs:56:13
[INFO] [stdout]     |
[INFO] [stdout] 56  |         nv: NibbleVec, bucket: usize
[INFO] [stdout]     |             ^^^^^^^^^ expected 1 type argument
[INFO] [stdout] ...
[INFO] [stdout] 120 | make_traversal_trait!(name: TraversalMut, trie_type: &mut Trie<K, V>, with_action: true, mutability: mut);
[INFO] [stdout]     | ---------------------------------------------------------------------------------------------------------- in this macro invocation
[INFO] [stdout]     |
[INFO] [stdout]     = note: this error originates in a macro (in Nightly builds, run with -Z macro-backtrace for more info)
[INFO] [stdout] 
[INFO] [stdout] 
[INFO] [stdout] error[E0107]: wrong number of type arguments: expected 1, found 0
[INFO] [stdout]    --> /opt/rustwide/cargo-home/registry/src/github.com-1ecc6299db9ec823/radix_trie-0.0.8/src/traversal.rs:63:66
[INFO] [stdout]     |
[INFO] [stdout] 63  |     fn child_match_fn(child: $trie_type, input: Self::Input, nv: NibbleVec) -> Self::Output {
[INFO] [stdout]     |                                                                  ^^^^^^^^^ expected 1 type argument
[INFO] [stdout] ...
[INFO] [stdout] 120 | make_traversal_trait!(name: TraversalMut, trie_type: &mut Trie<K, V>, with_action: true, mutability: mut);
[INFO] [stdout]     | ---------------------------------------------------------------------------------------------------------- in this macro invocation
[INFO] [stdout]     |
[INFO] [stdout]     = note: this error originates in a macro (in Nightly builds, run with -Z macro-backtrace for more info)
[INFO] [stdout] 
[INFO] [stdout] 
[INFO] [stdout] error[E0107]: wrong number of type arguments: expected 1, found 0
[INFO] [stdout]    --> /opt/rustwide/cargo-home/registry/src/github.com-1ecc6299db9ec823/radix_trie-0.0.8/src/traversal.rs:68:68
[INFO] [stdout]     |
[INFO] [stdout] 68  |     fn partial_match_fn(child: $trie_type, input: Self::Input, nv: NibbleVec, idx: usize)
[INFO] [stdout]     |                                                                    ^^^^^^^^^ expected 1 type argument
[INFO] [stdout] ...
[INFO] [stdout] 120 | make_traversal_trait!(name: TraversalMut, trie_type: &mut Trie<K, V>, with_action: true, mutability: mut);
[INFO] [stdout]     | ---------------------------------------------------------------------------------------------------------- in this macro invocation
[INFO] [stdout]     |
[INFO] [stdout]     = note: this error originates in a macro (in Nightly builds, run with -Z macro-backtrace for more info)
[INFO] [stdout] 
[INFO] [stdout] 
[INFO] [stdout] error[E0107]: wrong number of type arguments: expected 1, found 0
[INFO] [stdout]    --> /opt/rustwide/cargo-home/registry/src/github.com-1ecc6299db9ec823/radix_trie-0.0.8/src/traversal.rs:74:66
[INFO] [stdout]     |
[INFO] [stdout] 74  |     fn first_prefix_fn(trie: $trie_type, input: Self::Input, nv: NibbleVec) -> Self::Output {
[INFO] [stdout]     |                                                                  ^^^^^^^^^ expected 1 type argument
[INFO] [stdout] ...
[INFO] [stdout] 120 | make_traversal_trait!(name: TraversalMut, trie_type: &mut Trie<K, V>, with_action: true, mutability: mut);
[INFO] [stdout]     | ---------------------------------------------------------------------------------------------------------- in this macro invocation
[INFO] [stdout]     |
[INFO] [stdout]     = note: this error originates in a macro (in Nightly builds, run with -Z macro-backtrace for more info)
[INFO] [stdout] 
[INFO] [stdout] 
[INFO] [stdout] error[E0107]: wrong number of type arguments: expected 1, found 0
[INFO] [stdout]    --> /opt/rustwide/cargo-home/registry/src/github.com-1ecc6299db9ec823/radix_trie-0.0.8/src/traversal.rs:86:69
[INFO] [stdout]     |
[INFO] [stdout] 86  |     fn run(trie: $trie_type, input: Self::Input, mut key_fragments: NibbleVec) -> Self::Output {
[INFO] [stdout]     |                                                                     ^^^^^^^^^ expected 1 type argument
[INFO] [stdout] ...
[INFO] [stdout] 120 | make_traversal_trait!(name: TraversalMut, trie_type: &mut Trie<K, V>, with_action: true, mutability: mut);
[INFO] [stdout]     | ---------------------------------------------------------------------------------------------------------- in this macro invocation
[INFO] [stdout]     |
[INFO] [stdout]     = note: this error originates in a macro (in Nightly builds, run with -Z macro-backtrace for more info)
[INFO] [stdout] 
[INFO] [stdout] 
[INFO] [stdout] error[E0107]: wrong number of type arguments: expected 1, found 0
[INFO] [stdout]    --> /opt/rustwide/cargo-home/registry/src/github.com-1ecc6299db9ec823/radix_trie-0.0.8/src/traversal.rs:56:13
[INFO] [stdout]     |
[INFO] [stdout] 56  |         nv: NibbleVec, bucket: usize
[INFO] [stdout]     |             ^^^^^^^^^ expected 1 type argument
[INFO] [stdout] ...
[INFO] [stdout] 121 | make_traversal_trait!(name: RefTraversalMut, trie_type: &'a mut Trie<K, V>, with_action: false, mutability: mut);
[INFO] [stdout]     | ----------------------------------------------------------------------------------------------------------------- in this macro invocation
[INFO] [stdout]     |
[INFO] [stdout]     = note: this error originates in a macro (in Nightly builds, run with -Z macro-backtrace for more info)
[INFO] [stdout] 
[INFO] [stdout] 
[INFO] [stdout] error[E0107]: wrong number of type arguments: expected 1, found 0
[INFO] [stdout]    --> /opt/rustwide/cargo-home/registry/src/github.com-1ecc6299db9ec823/radix_trie-0.0.8/src/traversal.rs:63:66
[INFO] [stdout]     |
[INFO] [stdout] 63  |     fn child_match_fn(child: $trie_type, input: Self::Input, nv: NibbleVec) -> Self::Output {
[INFO] [stdout]     |                                                                  ^^^^^^^^^ expected 1 type argument
[INFO] [stdout] ...
[INFO] [stdout] 121 | make_traversal_trait!(name: RefTraversalMut, trie_type: &'a mut Trie<K, V>, with_action: false, mutability: mut);
[INFO] [stdout]     | ----------------------------------------------------------------------------------------------------------------- in this macro invocation
[INFO] [stdout]     |
[INFO] [stdout]     = note: this error originates in a macro (in Nightly builds, run with -Z macro-backtrace for more info)
[INFO] [stdout] 
[INFO] [stdout] 
[INFO] [stdout] error[E0107]: wrong number of type arguments: expected 1, found 0
[INFO] [stdout]    --> /opt/rustwide/cargo-home/registry/src/github.com-1ecc6299db9ec823/radix_trie-0.0.8/src/traversal.rs:68:68
[INFO] [stdout]     |
[INFO] [stdout] 68  |     fn partial_match_fn(child: $trie_type, input: Self::Input, nv: NibbleVec, idx: usize)
[INFO] [stdout]     |                                                                    ^^^^^^^^^ expected 1 type argument
[INFO] [stdout] ...
[INFO] [stdout] 121 | make_traversal_trait!(name: RefTraversalMut, trie_type: &'a mut Trie<K, V>, with_action: false, mutability: mut);
[INFO] [stdout]     | ----------------------------------------------------------------------------------------------------------------- in this macro invocation
[INFO] [stdout]     |
[INFO] [stdout]     = note: this error originates in a macro (in Nightly builds, run with -Z macro-backtrace for more info)
[INFO] [stdout] 
[INFO] [stdout] 
[INFO] [stdout] error[E0107]: wrong number of type arguments: expected 1, found 0
[INFO] [stdout]    --> /opt/rustwide/cargo-home/registry/src/github.com-1ecc6299db9ec823/radix_trie-0.0.8/src/traversal.rs:74:66
[INFO] [stdout]     |
[INFO] [stdout] 74  |     fn first_prefix_fn(trie: $trie_type, input: Self::Input, nv: NibbleVec) -> Self::Output {
[INFO] [stdout]     |                                                                  ^^^^^^^^^ expected 1 type argument
[INFO] [stdout] ...
[INFO] [stdout] 121 | make_traversal_trait!(name: RefTraversalMut, trie_type: &'a mut Trie<K, V>, with_action: false, mutability: mut);
[INFO] [stdout]     | ----------------------------------------------------------------------------------------------------------------- in this macro invocation
[INFO] [stdout]     |
[INFO] [stdout]     = note: this error originates in a macro (in Nightly builds, run with -Z macro-backtrace for more info)
[INFO] [stdout] 
[INFO] [stdout] 
[INFO] [stdout] error[E0107]: wrong number of type arguments: expected 1, found 0
[INFO] [stdout]    --> /opt/rustwide/cargo-home/registry/src/github.com-1ecc6299db9ec823/radix_trie-0.0.8/src/traversal.rs:86:69
[INFO] [stdout]     |
[INFO] [stdout] 86  |     fn run(trie: $trie_type, input: Self::Input, mut key_fragments: NibbleVec) -> Self::Output {
[INFO] [stdout]     |                                                                     ^^^^^^^^^ expected 1 type argument
[INFO] [stdout] ...
[INFO] [stdout] 121 | make_traversal_trait!(name: RefTraversalMut, trie_type: &'a mut Trie<K, V>, with_action: false, mutability: mut);
[INFO] [stdout]     | ----------------------------------------------------------------------------------------------------------------- in this macro invocation
[INFO] [stdout]     |
[INFO] [stdout]     = note: this error originates in a macro (in Nightly builds, run with -Z macro-backtrace for more info)
[INFO] [stdout] 
[INFO] [stdout] 
[INFO] [stdout] error: aborting due to 29 previous errors
[INFO] [stdout] 
[INFO] [stdout] 
[INFO] [stdout] For more information about this error, try `rustc --explain E0107`.
[INFO] [stdout] 
[INFO] [stderr] error: could not compile `radix_trie`.
[INFO] [stderr] 
[INFO] [stderr] To learn more, run the command again with --verbose.
[INFO] [stderr] warning: build failed, waiting for other jobs to finish...
[INFO] [stdout] error[E0446]: private type `NamespacesInScope<'_>` in public interface
[INFO] [stdout]    --> /opt/rustwide/cargo-home/registry/src/github.com-1ecc6299db9ec823/sxd-document-0.1.2/src/raw.rs:645:5
[INFO] [stdout]     |
[INFO] [stdout] 645 | /     pub fn element_namespaces_in_scope(&self, element: *mut Element)
[INFO] [stdout] 646 | |                                        -> NamespacesInScope
[INFO] [stdout]     | |___________________________________________________________^ can't leak private type
[INFO] [stdout] ...
[INFO] [stdout] 696 |   struct NamespacesInScope<'a> {
[INFO] [stdout]     |   - `NamespacesInScope<'_>` declared as private
[INFO] [stdout] 
[INFO] [stdout] 
[INFO] [stdout] error: type `NamespacesInScope` is private
[INFO] [stdout]    --> /opt/rustwide/cargo-home/registry/src/github.com-1ecc6299db9ec823/sxd-document-0.1.2/src/dom.rs:241:9
[INFO] [stdout]     |
[INFO] [stdout] 241 | /         self.document.connections.element_namespaces_in_scope(self.node).map(|(prefix, uri)| {
[INFO] [stdout] 242 | |             Namespace { prefix: prefix, uri: uri }
[INFO] [stdout] 243 | |         }).collect()
[INFO] [stdout]     | |____________________^ private type
[INFO] [stdout] 
[INFO] [stdout] 
[INFO] [stdout] error: type `SplitKeepingDelimiter` is private
[INFO] [stdout]    --> /opt/rustwide/cargo-home/registry/src/github.com-1ecc6299db9ec823/sxd-document-0.1.2/src/writer.rs:293:17
[INFO] [stdout]     |
[INFO] [stdout] 293 |     for item in value.split_keeping_delimiter(&['<', '>', '&', '\'', '"'][..]) {
[INFO] [stdout]     |                 ^^^^^^^^^^^^^^^^^^^^^^^^^^^^^^^^^^^^^^^^^^^^^^^^^^^^^^^^^^^^^^ private type
[INFO] [stdout] 
[INFO] [stdout] 
[INFO] [stdout] error: type `SplitKeepingDelimiter` is private
[INFO] [stdout]    --> /opt/rustwide/cargo-home/registry/src/github.com-1ecc6299db9ec823/sxd-document-0.1.2/src/writer.rs:377:17
[INFO] [stdout]     |
[INFO] [stdout] 377 |     for item in text.text().split_keeping_delimiter(&['<', '>', '&'][..]) {
[INFO] [stdout]     |                 ^^^^^^^^^^^^^^^^^^^^^^^^^^^^^^^^^^^^^^^^^^^^^^^^^^^^^^^^^ private type
[INFO] [stdout] 
[INFO] [stdout] 
[INFO] [stdout] error: aborting due to 4 previous errors
[INFO] [stdout] 
[INFO] [stdout] 
[INFO] [stdout] For more information about this error, try `rustc --explain E0446`.
[INFO] [stdout] 
[INFO] [stderr] error: build failed
[INFO] running `Command { std: "docker" "inspect" "a45185498ed9f3380528df6ec4ec8972280bede629eebe4a6bd03445e4d99540", kill_on_drop: false }`
[INFO] running `Command { std: "docker" "rm" "-f" "a45185498ed9f3380528df6ec4ec8972280bede629eebe4a6bd03445e4d99540", kill_on_drop: false }`
[INFO] [stdout] a45185498ed9f3380528df6ec4ec8972280bede629eebe4a6bd03445e4d99540
